 base 12?
36
1001000 (base 2) to base 5
242
What is -3 (base 12) in base 5?
-3
128 (base 11) to base 5
1101
20 (base 5) to base 11
a
Convert -12 (base 12) to base 3.
-112
Convert -159 (base 10) to base 2.
-10011111
What is 43 (base 8) in base 16?
23
-61 (base 11) to base 7
-124
43 (base 12) to base 13
3c
Convert -23 (base 14) to base 6.
-51
2 (base 12) to base 16
2
101 (base 3) to base 8
12
Convert -10 (base 10) to base 5.
-20
What is -2 (base 12) in base 5?
-2
Convert -1100 (base 3) to base 6.
-100
What is -67 (base 13) in base 14?
-61
-6 (base 10) to base 15
-6
Convert -35 (base 10) to base 13.
-29
Convert 72 (base 11) to base 14.
59
Convert -a (base 15) to base 10.
-10
What is 94 (base 15) in base 4?
2023
What is 66 (base 15) in base 6?
240
-7 (base 15) to base 2
-111
What is 1111 (base 4) in base 12?
71
What is 74 (base 9) in base 11?
61
Convert 75 (base 9) to base 16.
44
Convert 4 (base 13) to base 4.
10
Convert -16 (base 10) to base 15.
-11
Convert -7 (base 16) to base 6.
-11
Convert 2 (base 9) to base 14.
2
Convert -237 (base 9) to base 8.
-304
-7 (base 16) to base 2
-111
2 (base 8) to base 3
2
Convert 303 (base 4) to base 3.
1220
What is -3 (base 12) in base 8?
-3
3 (base 9) to base 8
3
What is -2130 (base 4) in base 2?
-10011100
Convert -10001 (base 2) to base 10.
-17
What is 9 (base 14) in base 15?
9
What is -167 (base 11) in base 14?
-dc
-1b (base 14) to base 11
-23
-e (base 15) to base 13
-11
Convert -9 (base 12) to base 14.
-9
-1 (base 9) to base 16
-1
What is 17 (base 8) in base 15?
10
Convert -2303 (base 4) to base 9.
-218
What is -2 (base 10) in base 12?
-2
What is -11 (base 12) in base 9?
-14
What is 1 (base 15) in base 9?
1
Convert -102 (base 5) to base 13.
-21
-14 (base 14) to base 5
-33
What is -76 (base 10) in base 12?
-64
Convert -b (base 12) to base 7.
-14
4 (base 8) to base 13
4
Convert -2 (base 3) to base 10.
-2
What is 111 (base 2) in base 8?
7
Convert -3 (base 13) to base 6.
-3
Convert 0 (base 9) to base 14.
0
What is -21 (base 7) in base 3?
-120
Convert 2 (base 7) to base 15.
2
What is -4 (base 5) in base 14?
-4
-22 (base 5) to base 10
-12
Convert -8 (base 16) to base 14.
-8
-4 (base 14) to base 4
-10
What is -1230 (base 4) in base 10?
-108
Convert 131 (base 11) to base 15.
a5
Convert -1b (base 15) to base 16.
-1a
7 (base 11) to base 2
111
Convert 10 (base 2) to base 10.
2
What is -3 (base 13) in base 9?
-3
-100101 (base 2) to base 14
-29
Convert -324 (base 5) to base 11.
-81
21 (base 10) to base 9
23
What is 53 (base 11) in base 14?
42
What is -30 (base 4) in base 11?
-11
1 (base 7) to base 12
1
What is -4 (base 5) in base 6?
-4
Convert -31 (base 5) to base 3.
-121
Convert 11 (base 2) to base 9.
3
What is 16 (base 14) in base 5?
40
Convert -3 (base 15) to base 11.
-3
37 (base 14) to base 13
3a
What is -200 (base 4) in base 10?
-32
20 (base 7) to base 16
e
What is 2 (base 11) in base 12?
2
117 (base 14) to base 16
d9
What is -4 (base 6) in base 14?
-4
What is -23 (base 4) in base 2?
-1011
What is 3 (base 12) in base 9?
3
What is -303 (base 5) in base 14?
-58
-22 (base 5) to base 15
-c
-107 (base 8) to base 3
-2122
What is -11 (base 2) in base 6?
-3
Convert 5 (base 6) to base 11.
5
What is 3 (base 5) in base 16?
3
3 (base 13) to base 8
3
200 (base 3) to base 8
22
Convert 1231 (base 5) to base 4.
2333
6 (base 12) to base 9
6
What is -14 (base 5) in base 11?
-9
Convert -31 (base 8) to base 11.
-23
-8 (base 9) to base 5
-13
Convert 0 (base 2) to base 9.
0
What is -17 (base 10) in base 5?
-32
What is 22 (base 6) in base 10?
14
4 (base 16) to base 15
4
Convert 1 (base 13) to base 11.
1
What is -2 (base 13) in base 6?
-2
What is -1 (base 11) in base 7?
-1
What is 2 (base 4) in base 3?
2
What is -30 (base 12) in base 14?
-28
What is 4 (base 11) in base 4?
10
Convert -8 (base 15) to base 13.
-8
2 (base 16) to base 8
2
Convert 3 (base 14) to base 2.
11
-10 (base 3) to base 10
-3
Convert -2 (base 11) to base 9.
-2
12 (base 10) to base 3
110
What is -23 (base 10) in base 8?
-27
What is -110 (base 2) in base 4?
-12
342 (base 7) to base 11
151
Convert 2 (base 4) to base 6.
2
6 (base 15) to base 9
6
What is -62 (base 11) in base 7?
-125
Convert 0 (base 11) to base 15.
0
What is -100001 (base 2) in base 8?
-41
Convert 2 (base 14) to base 6.
2
50 (base 8) to base 16
28
What is -1 (base 14) in base 4?
-1
Convert -111110 (base 2) to base 14.
-46
What is -13 (base 10) in base 16?
-d
Convert 124 (base 12) to base 15.
b7
Convert 414 (base 7) to base 10.
207
Convert 0 (base 8) to base 7.
0
What is -7 (base 16) in base 12?
-7
Convert 6 (base 7) to base 5.
11
35 (base 13) to base 12
38
-2 (base 7) to base 16
-2
Convert -2 (base 10) to base 16.
-2
What is -2 (base 11) in base 14?
-2
-125 (base 7) to base 6
-152
What is -108 (base 12) in base 3?
-12122
-13 (base 8) to base 4
-23
-1 (base 16) to base 10
-1
Convert -5 (base 16) to base 10.
-5
What is -3 (base 13) in base 10?
-3
-22 (base 4) to base 3
-101
133 (base 6) to base 5
212
What is -113 (base 4) in base 16?
-17
26 (base 10) to base 4
122
Convert 105 (base 15) to base 3.
22112
What is -4 (base 11) in base 9?
-4
Convert 3 (base 5) to base 15.
3
What is -e (base 15) in base 11?
-13
What is 0 (base 14) in base 15?
0
What is -9 (base 16) in base 7?
-12
Convert -281 (base 9) to base 10.
-235
Convert -1 (base 7) to base 5.
-1
What is 14 (base 14) in base 3?
200
Convert -26 (base 11) to base 13.
-22
3 (base 12) to base 9
3
161 (base 7) to base 10
92
What is 130 (base 5) in base 10?
40
What is -7 (base 11) in base 8?
-7
What is 110 (base 2) in base 3?
20
Convert 5 (base 8) to base 16.
5
Convert 2 (base 8) to base 14.
2
-2 (base 3) to base 10
-2
Convert 2 (base 13) to base 8.
2
Convert -3 (base 11) to base 8.
-3
21 (base 4) to base 3
100
-5c (base 14) to base 16
-52
2 (base 8) to base 14
2
What is 4 (base 13) in base 5?
4
Convert 2f (base 16) to base 9.
52
10 (base 13) to base 2
1101
What is -32 (base 4) in base 6?
-22
Convert -112 (base 5) to base 10.
-32
What is 10 (base 2) in base 8?
2
What is -4 (base 13) in base 3?
-11
-1a4 (base 11) to base 16
-eb
What is -2221 (base 3) in base 5?
-304
What is -13 (base 4) in base 5?
-12
-254 (base 7) to base 2
-10001001
What is -22 (base 3) in base 15?
-8
27 (base 12) to base 10
31
-4 (base 14) to base 11
-4
Convert -11 (base 5) to base 10.
-6
-56 (base 14) to base 15
-51
26 (base 12) to base 7
42
Convert -69 (base 12) to base 4.
-1101
What is 37 (base 11) in base 3?
1111
Convert 2 (base 5) to base 13.
2
-11 (base 7) to base 8
-10
What is -96 (base 12) in base 8?
-162
-3 (base 16) to base 7
-3
Convert -6 (base 12) to base 13.
-6
-13 (base 5) to base 8
-10
-1 (base 2) to base 8
-1
What is 40 (base 9) in base 16?
24
What is -11 (base 3) in base 6?
-4
What is -11000001 (base 2) in base 14?
-db
3 (base 14) to base 2
11
Convert 310 (base 4) to base 16.
34
What is -317 (base 8) in base 12?
-153
Convert -3 (base 12) to base 4.
-3
What is 26 (base 13) in base 10?
32
What is 24 (base 8) in base 5?
40
Convert -30 (base 8) to base 13.
-1b
Convert -141 (base 10) to base 15.
-96
10 (base 5) to base 8
5
What is -3 (base 15) in base 11?
-3
What is 76 (base 13) in base 4?
1201
What is -432 (base 7) in base 11?
-18a
Convert 97 (base 10) to base 6.
241
What is 261 (base 10) in base 5?
2021
What is 27 (base 8) in base 6?
35
Convert 239 (base 13) to base 4.
12002
Convert -32 (base 12) to base 11.
-35
242 (base 6) to base 11
8a
What is 14 (base 12) in base 9?
17
Convert 20 (base 6) to base 8.
14
211 (base 4) to base 15
27
-43 (base 12) to base 2
-110011
What is 10 (base 5) in base 11?
5
Convert 4 (base 15) to base 11.
4
0 (base 7) to base 14
0
What is 1 (base 3) in base 9?
1
What is -101 (base 7) in base 4?
-302
Convert -10 (base 4) to base 8.
-4
Convert -11 (base 7) to base 12.
-8
Convert -1 (base 14) to base 15.
-1
-5 (base 9) to base 7
-5
What is 8 (base 15) in base 2?
1000
What is -1 (base 7) in base 15?
-1
What is 1 (base 4) in base 14?
1
Convert 10101101 (base 2) to base 8.
255
-1 (base 14) to base 3
-1
Convert -121 (base 7) to base 11.
-59
13 (base 8) to base 10
11
12 (base 12) to base 11
13
-129 (base 13) to base 12
-150
What is 7 (base 15) in base 8?
7
What is -302 (base 7) in base 3?
-12112
-1 (base 7) to base 13
-1
What is -402 (base 5) in base 3?
-10210
-506 (